Let j be b(5). Calculate the greatest common factor of j and 187.
17
Suppose -14*n - 529 = -5457. What is the greatest common divisor of 64 and n?
32
Suppose 0 = 3*p - 0*p + 2*x - 6, 2*x + 6 = 3*p. Suppose 5*b = 1 + 14. Suppose -p*r = b*r - 360. What is the highest common factor of 8 and r?
8
Let y be 1196/24 + 6/36. Let g(n) = -19*n - 8. Let f be g(-7). What is the greatest common divisor of y and f?
25
Let w be (-289)/(-3) + (-1)/3. Let d = 2283 - 2271. What is the highest common divisor of d and w?
12
Suppose 0 = -6*y + 36 + 24. Let g be y/(-4)*(22 + -6)/(-4). Calculate the highest common factor of 6 and g.
2
Let c = -14 - -19. Suppose 294 = c*x + d - 250, x + 2*d = 116. What is the highest common factor of x and 12?
12
Let r = -23 + 14. Let l = r + -11. Let s be (5/(l/152))/(-2). Calculate the highest common factor of s and 76.
19
Suppose 0 = 3*r - 5*v - 3120, -3*v + 7*v = 3*r - 3120. What is the greatest common divisor of r and 65?
65
Suppose 232*g + 6480 = 242*g. Calculate the highest common factor of 8 and g.
8
Let n(t) = -t**3 + 7*t**2 - 4*t + 2. Let i be n(5). Let b = i + 2. What is the greatest common factor of 85 and b?
17
Let w be 10/4*(22 - 0). Suppose -2*s + 6 = 14. Let f(b) = -3*b + 10. Let q be f(s). Calculate the highest common factor of w and q.
11
Suppose -4*y = 5*w + 71, -y = -0*y - 1. Let a = 33 + w. Suppose -4*i + 32 = 4*z, 0 = 4*z - 0*z - 4*i - 40. What is the greatest common factor of z and a?
9
Let j(h) = -h**3 - 8*h**2 + 4*h + 8. Let k be j(-5). Let a be 8/(-36) - (k/27 - -1). What is the greatest common divisor of 18 and a?
2
Let f(n) = n**2 + 4*n. Let k be f(-5). Suppose 0 = -k*o + 9*o - 8. Let i(j) = j**2 - 2*j + 1. Let z be i(o). What is the highest common factor of 9 and z?
1
Suppose -11*r = -13*r - 60. Let p = 39 + r. What is the highest common factor of p and 72?
9
Let h be (7 + (-35)/(-15))*(-3)/(-2). What is the greatest common factor of 5306 and h?
14
Let r(w) = 512*w**2 - 6*w - 7. Let q be r(-1). Calculate the greatest common factor of 73 and q.
73
Suppose 3*c = c - 0*c. Let b be -2 - c/1 - (-10 + -3). Calculate the highest common factor of b and 11.
11
Let k(g) = 5*g - 1. Let i(d) = 3*d - 3. Let f be i(2). Suppose -r - s = -0 + 3, f*r = -4*s - 14. Let o be k(r). What is the highest common factor of 99 and o?
9
Let x = -52 + 351. Calculate the highest common factor of 52 and x.
13
Let g be (-1)/(-1) + (-43)/(-1). Let n(s) = 9*s - 23. Let r be n(3). What is the greatest common divisor of r and g?
4
Let s(q) = -q**3 + 5*q**2 - q - 5. Let o be s(3). Let c be (10 - 1) + o/(-8 + 3). Calculate the highest common divisor of 21 and c.
7
Let n(l) = 14*l**3 + 7*l + 6*l**2 - 31*l**3 - 11 + 16*l**3. Let j be n(6). Let a = -10 + j. Calculate the highest common factor of 3 and a.
3
Suppose -15 = -5*w - 0. Suppose -q - 572 = -w*u, u + 2*u = -5*q + 578. Suppose -4*a - 71 + u = 0. What is the greatest common divisor of a and 3?
3
Let c = -339 - -586. What is the greatest common factor of c and 19?
19
Let k be (-9)/12 + 2950/40. Let j = 93 - k. What is the greatest common factor of j and 20?
20
Suppose -23*o + 840 = 47*o. What is the greatest common divisor of o and 4?
4
Let k = 62 - 35. Let x be (6/(-5))/(18/(-30)). Suppose -3*o = 2*j - 24, 0 = 2*j - x*o + 5 - 19. Calculate the greatest common divisor of j and k.
9
Let u(j) = -j**2 - 13*j + 38. Let g be u(-15). What is the highest common factor of g and 568?
8
Suppose -5*r + 5*q + 4025 = 0, -6*r - 9*q + 4*q = -4885. Calculate the highest common divisor of 60 and r.
30
Let w(j) = -j - 9. Let f be w(-13). Suppose -3*s - 3*r + 87 = 0, 0*s + 119 = f*s + r. What is the highest common divisor of s and 75?
15
Let c be (-1)/((-5)/(-140)*(-4)/14). Calculate the highest common divisor of c and 28.
14
Let a be (65 - (6 + -2)) + 4. Let b = -62 + a. What is the highest common divisor of 39 and b?
3
Let b = 225 + -109. Suppose 0 = 4*x - 28 - b. What is the greatest common factor of 4 and x?
4
Let c be 8/2 - 0/2. Let z be c - 9/(36/(-320)). Calculate the highest common factor of z and 12.
12
Suppose -4*x + 40 = x - 4*n, 2*n = 5*x - 30. Suppose -k + 5*g = -16, 3*k + 16 = x*k + 4*g. Calculate the greatest common factor of 8 and k.
8
Suppose -m - 2*m - t = -5, -m = -t - 7. Calculate the highest common factor of m and 267.
3
Let p(s) = 3*s**2 - 8*s - 8. Let i be p(4). Calculate the greatest common divisor of 16 and i.
8
Let s = 358 - 213. Suppose s = -3*g + 4. Let f = -19 - g. What is the greatest common divisor of 308 and f?
28
Let j be 3 - 0 - (1 - 2). Suppose 8*h = 3*h + 360. Suppose 2*k - 6*k = j*u - h, -5*k = 2*u - 75. What is the highest common factor of 39 and k?
13
Let j(l) = 4*l**2 - l + 4. Let s be j(5). Suppose 0 = 8*a + 5*a - 143. Calculate the greatest common divisor of s and a.
11
Let l(f) = f**3 - 3*f**2 + 7*f - 7. Let d be l(5). Let h = 86 - 90. Let z be (-2)/(-8) + (6 - 183/h). What is the highest common factor of d and z?
26
Suppose -4*q - q + 140 = 0. Let y(p) = -p - 7. Let o = 86 + -97. Let b be y(o). What is the highest common divisor of q and b?
4
Let g(o) = -o**3 + 7*o**2 + 22*o - 98. Let n be g(5). Calculate the highest common divisor of 1054 and n.
62
Suppose -5*o = 2*m + 10, 3*m = -o - 5 - 10. Suppose 2*d + 212 = -3*d - k, o = -3*d + 4*k - 141. Let j = d + 63. Calculate the highest common factor of j and 4.
4
Suppose s - 75 = -4*q, -2*q + 300 = 4*s + 3*q. Calculate the greatest common divisor of s and 60.
15
Suppose 0 = 496*w - 493*w - 1800. What is the greatest common divisor of 80 and w?
40
Let i be 5/4 - 5472/(-128). What is the highest common divisor of 352 and i?
44
Let a(i) = -i**2 + 15*i - 2. Let m be a(6). Suppose -v + 16 = 3*v. Calculate the highest common divisor of v and m.
4
Let f(r) = 2*r + 17. Let i be f(-7). Suppose 0 = -3*j - 15, c + 12 = 4*c + 3*j. Let u be (-1)/i + 246/c. What is the greatest common divisor of 9 and u?
9
Suppose 5*z = -w + 398, -5*z - 2140 = -5*w - 0*z. What is the greatest common divisor of w and 3?
3
Suppose 5*z = 2*j + 934, 4*z + 3*j - 907 = -169. Suppose -z = -3*p + 246. Let f = -74 + p. Calculate the greatest common factor of 10 and f.
10
Suppose a - 33 = -2*w, -67 + 8 = -3*a + 4*w. Suppose -8 = 5*d + 2. Let b be (d - 0)/(2/(-50)). What is the highest common divisor of b and a?
25
Suppose -14 + 4 = -2*y. Let b(j) = 2*j**2 - 5*j + 7. Let t be b(y). Let a be 2/(5 + -1)*t. Calculate the highest common divisor of a and 4.
4
Suppose 0 = i + 4*z - 164, -4*z = -3*i + i + 292. What is the highest common divisor of 38 and i?
38
Let x(y) = -y**3 - 7*y**2 + 12*y - 12. Let q be x(-9). Suppose 0 = t + 29 - 92. Calculate the highest common divisor of q and t.
21
Let w be -8*(-1)/(8/6). Suppose 5*l + 5*b = 360, 2*l + 0*l = b + 138. Suppose 2*o - l = 62. What is the greatest common factor of w and o?
6
Let d(k) be the first derivative of -k**3/3 + 7*k**2 + 21*k + 30. Let h be d(11). What is the greatest common factor of h and 18?
18
Suppose -200 = -4*m - 3*v, 0*v = -m - 5*v + 50. Let p(c) = 5*c + 60. Let b be p(-8). Calculate the highest common divisor of m and b.
10
Suppose -1360 = -6*j - 10*j. Calculate the highest common factor of 34 and j.
17
Let b be 6/(-24) - 3975/(-12). Let c = 760 - b. What is the greatest common factor of c and 39?
39
Let j be 4/18 - (-3)/(54/2066). What is the greatest common divisor of 69 and j?
23
Suppose 8*l - 1101 = -381. Suppose j + 0 = l. Calculate the greatest common divisor of j and 18.
18
Suppose 4*u - 64 = 2*g, u + 64 = 5*u - g. Suppose 0 = -u*d + 19*d - 30. Calculate the highest common factor of d and 8.
2
Let k(l) = l**3 - l**2 - l + 1. Let t be k(2). Let q be -10 + 8 + (-2)/2. Let x be (-35)/(-1) - (5 + q). What is the greatest common factor of x and t?
3
Let g be (-1 - 1) + 4 - (26 - 26). What is the greatest common factor of 5 and g?
1
Suppose -5*o - 44 = -3*y, 2*o + y + 0*y = -22. Let w(c) = c**2 + 13*c + 39. Let p be w(o). What is the greatest common divisor of 225 and p?
9
Let a = -6 + 8. Suppose 4*v - 3*s = -7, a*v - 3*s = 4*v - 19. Suppose 4*m - 53 = 3*b, -m = 2*m + v*b - 44. What is the greatest common factor of 7 and m?
7
Let r = -165 + 283. Let x = -98 + r. Calculate the greatest common divisor of x and 50.
10
Let w be 0*(-5 + 3 - -3). Suppose 5*h - 20 = -4*m, 20 = -w*h + 5*h - m. Let v = 